{"id":1647,"date":"2024-02-20T17:45:01","date_gmt":"2024-02-20T17:45:01","guid":{"rendered":"https:\/\/greenlatinos.swooncreative.ca\/?post_type=causes&#038;p=1647"},"modified":"2024-03-18T23:23:05","modified_gmt":"2024-03-18T23:23:05","slug":"public-land-ocean-collective","status":"publish","type":"causes","link":"https:\/\/www.greenlatinos.org\/es\/our-causes\/public-land-ocean-collective\/","title":{"rendered":"Colectivo P\u00fablico de Tierras y Oc\u00e9anos"},"content":{"rendered":"<p>Las tierras y oc\u00e9anos p\u00fablicos a menudo se consideran una caracter\u00edstica definitoria del car\u00e1cter de nuestra naci\u00f3n.<\/p>","protected":false},"featured_media":1863,"template":"","meta":{"_acf_changed":false},"cause_type":[57],"federal_programs":[],"state_region":[],"class_list":["post-1647","causes","type-causes","status-publish","has-post-thumbnail","hentry","cause_type-advocacies"],"acf":[],"_links":{"self":[{"href":"https:\/\/www.greenlatinos.org\/es\/wp-json\/wp\/v2\/causes\/1647","targetHints":{"allow":["GET"]}}],"collection":[{"href":"https:\/\/www.greenlatinos.org\/es\/wp-json\/wp\/v2\/causes"}],"about":[{"href":"https:\/\/www.greenlatinos.org\/es\/wp-json\/wp\/v2\/types\/causes"}],"wp:featuredmedia":[{"embeddable":true,"href":"https:\/\/www.greenlatinos.org\/es\/wp-json\/wp\/v2\/media\/1863"}],"wp:attachment":[{"href":"https:\/\/www.greenlatinos.org\/es\/wp-json\/wp\/v2\/media?parent=1647"}],"wp:term":[{"taxonomy":"cause_type","embeddable":true,"href":"https:\/\/www.greenlatinos.org\/es\/wp-json\/wp\/v2\/cause_type?post=1647"},{"taxonomy":"federal_programs","embeddable":true,"href":"https:\/\/www.greenlatinos.org\/es\/wp-json\/wp\/v2\/federal_programs?post=1647"},{"taxonomy":"state_region","embeddable":true,"href":"https:\/\/www.greenlatinos.org\/es\/wp-json\/wp\/v2\/state_region?post=1647"}],"curies":[{"name":"wp","href":"https:\/\/api.w.org\/{rel}","templated":true}]}}

Colectivo Público de Tierras y Océanos

<p>Las tierras y océanos públicos a menudo se consideran una característica definitoria del carácter de nuestra nación.</p>
